{"id":31,"date":"2021-07-30T01:51:49","date_gmt":"2021-07-30T01:51:49","guid":{"rendered":"https:\/\/www.taxmio.com\/index.php\/homepage\/"},"modified":"2021-07-30T20:16:35","modified_gmt":"2021-07-30T20:16:35","slug":"homepage","status":"publish","type":"page","link":"https:\/\/www.taxmio.com\/","title":{"rendered":"TaxMio.com"},"content":{"rendered":"\n<div style=\"background-color:#fffcf5;padding-bottom:10%;padding-top:10%\" class=\"wp-block-atomic-blocks-ab-container welcome ab-block-container alignfull\"><div class=\"ab-container-inside\"><div class=\"ab-container-content\" style=\"max-width:1200px\">\n<p class=\"has-text-align-center has-huge-font-size\"><\/p>\n\n\n\n<p><\/p>\n\n\n\n<p class=\"has-text-align-center has-medium-font-size\"> M\u00e1s de 300 mil familias califican para recibir un cr\u00e9dito de 3,600$ por hijo o hija hasta m\u00e1s de 10 mil d\u00f3lares por familia.&nbsp; <\/p>\n\n\n\n<p><\/p>\n\n\n\n<p class=\"has-text-align-center has-medium-font-size\">TaxMio.com es la manera m\u00e1s r\u00e1pida de recibir su dinero.&nbsp;<\/p>\n\n\n\n<p><\/p>\n<\/div><\/div><\/div>\n\n\n\n<div style=\"background-color:#313131;padding-left:12%;padding-right:12%;padding-bottom:10%;padding-top:10%\" class=\"wp-block-atomic-blocks-ab-container opt-in ab-block-container alignfull\"><div class=\"ab-container-inside\"><div class=\"ab-container-content\" style=\"max-width:1000px\">\n<p class=\"has-text-align-center has-primary-color has-text-color has-huge-font-size\"><strong>El proceso completo seria electr\u00f3nico\/e-file<\/strong><\/p>\n\n\n\n<p class=\"has-text-align-center has-canary-color has-text-color\"><strong>Usted necesitar\u00e1 un correo electr\u00f3nico, una cuenta de banco, y la habilidad te tomar fotos de documentos y subirlos usando una computadora o tel\u00e9fono inteligente<\/strong><\/p>\n<\/div><\/div><\/div>\n\n\n\n<div style=\"background-color:#fffcf5;padding-left:2%;padding-right:2%;padding-bottom:10%;padding-top:10%\" class=\"wp-block-atomic-blocks-ab-container features ab-block-container alignfull\"><div class=\"ab-container-inside\"><div class=\"ab-container-content\" style=\"max-width:1060px\">\n<div class=\"wp-block-atomic-blocks-ab-columns ab-layout-columns-4 ab-4-col-equal\"><div class=\"ab-layout-column-wrap ab-block-layout-column-gap-2 ab-is-responsive-column\">\n<div class=\"wp-block-atomic-blocks-ab-column ab-block-layout-column ab-is-vertically-aligned-top\"><div class=\"ab-block-layout-column-inner\">\n<p class=\"text-subhead has-primary-color has-text-color has-small-font-size\">Step #1:<\/p>\n\n\n\n<h3 class=\"wp-block-heading\"><strong>Registrarse como un cliente de TaxMio.com<\/strong><\/h3>\n\n\n\n<p>Te ayudamos a conseguir dinero del IRS mas rapido.<\/p>\n\n\n\n<p>Registrese como un cliente de TaxMio.com en el siguiente enlace: <\/p>\n\n\n\n<p><a href=\"https:\/\/docs.google.com\/forms\/d\/e\/1FAIpQLScphfRqNLMOGWCfKc-5WQA4hinl1W7XUBvDa_NosCmv0Eda7A\/viewform?usp=sf_link\" target=\"_blank\" rel=\"noreferrer noopener\">Registrarse como un cliente de TaxMio.com <\/a><\/p>\n<\/div><\/div>\n\n\n\n<div class=\"wp-block-atomic-blocks-ab-column ab-block-layout-column\"><div class=\"ab-block-layout-column-inner\">\n<p class=\"text-subhead has-primary-color has-text-color has-small-font-size\">Step #2:<\/p>\n\n\n\n<h3 class=\"wp-block-heading\"><strong>Documentos requerido despu\u00e9s de su registraci\u00f3n<\/strong>.<\/h3>\n\n\n\n<p>Nos comunicaremos con usted despues del registro para solicitarle lo siguiente:<\/p>\n\n\n\n<p>-Licencia de conducir o cualquier otra forma de Identificaci\u00f3n legal.<\/p>\n\n\n\n<p>-Su n\u00famero de seguro  social y el de sus hijos.<\/p>\n\n\n\n<p>-Un cheque anulado con la informacion de la cuenta de banco en la cual usted recibir\u00e1 su dinero.<\/p>\n<\/div><\/div>\n\n\n\n<div class=\"wp-block-atomic-blocks-ab-column ab-block-layout-column\"><div class=\"ab-block-layout-column-inner\">\n<p class=\"text-subhead has-primary-color has-text-color has-small-font-size\">Step #3:<\/p>\n\n\n\n<h3 class=\"wp-block-heading\"><strong>Proveer sus  documentos de impuestos de ingresos del a\u00f1o 2021.<\/strong> <\/h3>\n\n\n\n<p>Si estuvo empleado:<\/p>\n\n\n\n<p>-Documentos de impuestos de su empleador. (2021 W2 PR)<\/p>\n\n\n\n<p>Si no estuvo empleado:<\/p>\n\n\n\n<p>&#8211; Favor de completar la siguiente forma:<\/p>\n<\/div><\/div>\n\n\n\n<div class=\"wp-block-atomic-blocks-ab-column ab-block-layout-column\"><div class=\"ab-block-layout-column-inner\">\n<p class=\"text-subhead has-primary-color has-text-color has-small-font-size\">Step #4:<\/p>\n\n\n\n<h3 class=\"wp-block-heading\"><strong>\u00a1&nbsp;Felicitaciones! ya complet\u00f3 el proceso.<\/strong> <\/h3>\n\n\n\n<p><\/p>\n<\/div><\/div>\n<\/div><\/div>\n<\/div><\/div><\/div>\n","protected":false},"excerpt":{"rendered":"","protected":false},"author":1,"featured_media":11,"parent":0,"menu_order":0,"comment_status":"closed","ping_status":"closed","template":"page-templates\/blocks.php","meta":{"_genesis_hide_title":false,"_genesis_hide_breadcrumbs":false,"_genesis_hide_singular_image":false,"_genesis_hide_footer_widgets":false,"_genesis_custom_body_class":"","_genesis_custom_post_class":"","_genesis_layout":"","footnotes":""},"class_list":{"0":"post-31","1":"page","2":"type-page","3":"status-publish","4":"has-post-thumbnail","6":"entry"},"featured_image_src":"https:\/\/www.taxmio.com\/wp-content\/uploads\/2021\/07\/TaxMio.png","featured_image_src_square":"https:\/\/www.taxmio.com\/wp-content\/uploads\/2021\/07\/TaxMio.png","_links":{"self":[{"href":"https:\/\/www.taxmio.com\/index.php\/wp-json\/wp\/v2\/pages\/31","targetHints":{"allow":["GET"]}}],"collection":[{"href":"https:\/\/www.taxmio.com\/index.php\/wp-json\/wp\/v2\/pages"}],"about":[{"href":"https:\/\/www.taxmio.com\/index.php\/wp-json\/wp\/v2\/types\/page"}],"author":[{"embeddable":true,"href":"https:\/\/www.taxmio.com\/index.php\/wp-json\/wp\/v2\/users\/1"}],"replies":[{"embeddable":true,"href":"https:\/\/www.taxmio.com\/index.php\/wp-json\/wp\/v2\/comments?post=31"}],"version-history":[{"count":14,"href":"https:\/\/www.taxmio.com\/index.php\/wp-json\/wp\/v2\/pages\/31\/revisions"}],"predecessor-version":[{"id":104,"href":"https:\/\/www.taxmio.com\/index.php\/wp-json\/wp\/v2\/pages\/31\/revisions\/104"}],"wp:featuredmedia":[{"embeddable":true,"href":"https:\/\/www.taxmio.com\/index.php\/wp-json\/wp\/v2\/media\/11"}],"wp:attachment":[{"href":"https:\/\/www.taxmio.com\/index.php\/wp-json\/wp\/v2\/media?parent=31"}],"curies":[{"name":"wp","href":"https:\/\/api.w.org\/{rel}","templated":true}]}}